 the prime factors of f.
5
Suppose -20*x + 15*x + 80 = 0. What are the prime factors of x?
2
Let q = -6 + -1. Let h = -2 - q. Suppose -h*x + 9 = -3*b + 47, b - 14 = 2*x. What are the prime factors of b?
2, 3
Let x be (-54 + 2)*2/(-4). Let g = 57 - x. Suppose f + 3*j + 12 = 4*f, 4*f - g = j. List the prime factors of f.
3
Let z(x) = -2*x**3 - 2*x**2 - 2*x + 4. Let w be z(-3). Let d = w - 32. List the prime factors of d.
2, 7
Let k(g) = g**3 + 7*g**2 - 2*g - 2. What are the prime factors of k(-5)?
2, 29
Let m = -6 - -7. Let v = 3 + m. What are the prime factors of v?
2
Let k be ((-6)/(-4))/(9/(-24)). Let q be (-1)/(-3)*(-24)/k. Suppose -q*a - 4*v + 12 = 0, 4*a - 2*v - 60 = 4. List the prime factors of a.
2, 7
Let x = 0 - -2. Let v(z) be the second derivative of 2*z**3/3 + z**2 + 3*z. List the prime factors of v(x).
2, 5
Suppose -9*r - 210 = -16*r. List the prime factors of r.
2, 3, 5
Suppose -i = 4*i + 30. What are the prime factors of (-356)/(-18) + i/(-27)?
2, 5
What are the prime factors of 1 + -1 + 1 + 1?
2
What are the prime factors of 134*(30/12 - 2)?
67
Suppose -2*j + o + 3 = -14, -4*j + 24 = -4*o. List the prime factors of j.
11
Let v(f) = 3*f**2. Let h(d) = -d**3 - 8*d**2 + 8*d - 8. Let p be h(-9). Let c be v(p). Suppose -t - t = -5*n - 26, 15 = t - c*n. List the prime factors of t.
3
Let c(l) = l + 16. Let w be c(0). Suppose -3*u + 3*s = -27, 4*u = 2*s + w + 18. What are the prime factors of u?
2
Suppose 5*q - 4*o = 71, o - 12 = -3*q + 17. Suppose -a - 6 = -2*f + 16, 5*a = -f - q. Suppose f - 4 = n. What are the prime factors of n?
5
Let h(z) = -z**2 + 5*z - 4. Let w be h(4). Suppose -4*c = -w*c - 64. Suppose c = 2*b - 6. What are the prime factors of b?
11
Let f(s) = -s - 3. Let o be f(-7). Suppose i - 10 = -o*i. What are the prime factors of (i/(-4))/((-1)/8)?
2
Let u be (-20)/(-6)*81/45. Suppose -7*h = -u*h - 16. What are the prime factors of h?
2
Suppose 0 - 18 = -3*b. Suppose -y + b = y, j = -y + 40. List the prime factors of j.
37
Let d(s) = -5*s. Let q(o) = 9*o + 1. Let a(l) = 11*d(l) + 6*q(l). Suppose c + 2*c = 0. What are the prime factors of a(c)?
2, 3
Let b(l) = l**2 - 3*l - 2. Let t be b(-4). Suppose -3*c - t = -80. List the prime factors of c.
2, 3
Let y(r) = -r**3 + 7*r**2 + r - 5. Let u be y(7). Let z be (8 - 2)/u + 12. Suppose -3*q - z = 0, -j = 8*q - 3*q + 17. What are the prime factors of j?
2
Suppose -3*q + 6*q - d = 168, 287 = 5*q - 4*d. Let r = q - 35. Suppose -2*i + r = 2*i. What are the prime factors of i?
5
Suppose -49 = -5*s - 0*s + j, -j = -4*s + 40. Suppose 0 = -5*o + 24 - s. Suppose 3*n - 5*h - 5 = 3, -3*h - 18 = -o*n. What are the prime factors of n?
11
Suppose 15*g + 632 - 3662 = 0. List the prime factors of g.
2, 101
List the prime factors of 25*(-9 + 1)/(-4).
2, 5
Let y = 412 - 201. What are the prime factors of y?
211
Let h(d) = 13*d + 33. Let x(y) = 6*y + 16. Let w(j) = 4*h(j) - 9*x(j). Let m be w(-9). Let u = 18 - m. List the prime factors of u.
2, 3
Let u be (-6)/(-7)*(17 - 3). Let b = 5 + u. List the prime factors of b.
17
Let m = -308 + 566. List the prime factors of m.
2, 3, 43
Let f(h) = -6*h - 14. Let m(r) = -2*r - 5. Let y(d) = 5*f(d) - 16*m(d). What are the prime factors of y(0)?
2, 5
Suppose 38 = k - 4. Suppose 4*q = q + k. List the prime factors of q.
2, 7
Let c(v) = v**3 + 7*v**2 - 2*v - 9. Let q be c(-7). Suppose -8*k + q*k + 33 = 0. List the prime factors of k.
11
Let y(o) = -2*o - 3. List the prime factors of y(-18).
3, 11
Let u = 8 - 4. Let i be (u - 2) + -2 - 7. Let q(y) = -y**3 - 8*y**2 - 8*y - 1. What are the prime factors of q(i)?
2, 3
Suppose -3*j + 5*w = -274 + 74, -2*j = 4*w - 126. List the prime factors of j.
5, 13
Let q(f) = f**3 + 12*f**2 + 2*f + 16. List the prime factors of q(-11).
5, 23
Let t = -7 - -21. Let h = t - 0. What are the prime factors of h?
2, 7
Suppose 3*c + 0 + 3 = 0. Let g be c/3*-1*6. Suppose -3*o = 3*j - 36, 0 = -2*o + j + g*j + 14. List the prime factors of o.
2, 5
Let o = -7 + 15. Let w(c) = c**3 - 7*c**2 - 9*c + 12. Let f be w(o). Suppose -f*m = -2*l + 4*l - 32, 3*m + 2*l - 24 = 0. List the prime factors of m.
2
Let a = 1 - 0. Let v be (4/(-6) + a)*15. Suppose 3*k = 4*q - 37, 4*q + v*k = 2*k + 67. List the prime factors of q.
13
Let t(l) = -l**2 + 9*l - 5. List the prime factors of t(8).
3
Let n = 286 - 179. List the prime factors of n.
107
List the prime factors of (0 + -1 - -36) + -1.
2, 17
Suppose 195 = 3*i + 12. List the prime factors of i.
61
Let d(s) = 4*s + 2. Suppose -3*f - 12 = -7*f. What are the prime factors of d(f)?
2, 7
Suppose -4*u = 8, -5*u = -f + 5*f - 1126. List the prime factors of f.
2, 71
Let v be (-8)/(-12) + (-25)/(-3). Let w = -2 + v. List the prime factors of w.
7
Let t be (-3 - 33)*(-4)/(-8). Let l = 4 - t. List the prime factors of l.
2, 11
Let a = 0 + 36. Suppose -4*w - s + 74 = 0, -4*s - a = -5*w + 46. List the prime factors of w.
2, 3
Let l be (-8)/(6/10 - 1). Let p = -7 + l. What are the prime factors of p?
13
Let w(l) = l**3 - 5*l**2 + 2*l - 6. Let m be w(5). Suppose -m*b + 0*b = -4*o, 2*o - 14 = -5*b. Suppose -o*x + 12 = 4. What are the prime factors of x?
2
Suppose 0 = 2*o + 3*o - 25. List the prime factors of o.
5
Suppose 63 = 3*h + 3*o, 3*h + 2*o - 63 = o. Suppose 145 = 3*y - 5*l, y + l - h = 14. What are the prime factors of y?
2, 5
Suppose -22 = 2*a + 2. Suppose 3*v = -9, -3*x - 5*v = -2*v + 75. Let r = a - x. List the prime factors of r.
2, 5
Let b(i) = -16*i - 24. List the prime factors of b(-10).
2, 17
Suppose 0*f + 5*s = -4*f - 10, 3*f + 6 = -3*s. Suppose f = 3*r - 0*r. Suppose r = 2*h - 4 - 22. List the prime factors of h.
13
Suppose 225 = 5*k - 3*j, 69 = 2*k - j + 4*j. What are the prime factors of k?
2, 3, 7
Let w = -4 + 7. Let i(o) = -o**3 + 6*o**2 - 5*o - 5. Let a be i(5). Let k = w - a. What are the prime factors of k?
2
Let u be (-4)/6 + 8/12. Suppose -5*w = -w - 4, u = -3*l - w + 16. Suppose l*m = -0*m + 10. List the prime factors of m.
2
Suppose q = -0*q + 2. Suppose 4*x = 5*l + 2, 4*x + q = 3*l - 0. Let m = 10 + x. List the prime factors of m.
2
Suppose -2*j + 4*z + 15 = 1, 4*j = -3*z + 61. What are the prime factors of j?
13
Suppose -2*p + 176 = -4*r - 86, 4*p - 499 = 3*r. List the prime factors of p.
11
Let p be (4/(-8))/((-3)/(-6)). Let j(y) = -39*y + 1. List the prime factors of j(p).
2, 5
What are the prime factors of 3*15/(-9) - -225?
2, 5, 11
Let c = -42 + 30. Let q = c + 20. What are the prime factors of q?
2
Suppose 9 = -5*f + j - 2*j, j - 1 = 5*f. Let g = 9 - f. What are the prime factors of g?
2, 5
Suppose g - 2*d = -d + 38, 3*d - 101 = -2*g. List the prime factors of g.
43
Let y(a) = -a + 5. Let s be y(0). Suppose 0*l = -3*l - 4*o + 226, o = 1. Suppose -s*v = 19 - l. List the prime factors of v.
11
Let t(q) be the first derivative of 0*q + 5/2*q**2 - 1. What are the prime factors of t(1)?
5
Let c = 5 - 15. Let g = c + 29. What are the prime factors of g?
19
Suppose 17*a - 8*a = 315. What are the prime factors of a?
5, 7
Suppose -4*u = -7*u + 9. Let y = u - -9. What are the prime factors of y?
2, 3
Suppose 5*x + 0*x + 2*m = 218, 3*x - 129 = -3*m. What are the prime factors of x?
2, 11
What are the prime factors of (-36)/8*(-10 - -2)?
2, 3
Suppose -w + 64 = 5*i, 5*i - 2*w = -0*w + 52. List the prime factors of i.
2, 3
What are the prime factors of (0 + -2)/(4/(-18))?
3
Let x(i) = i**2 + 8*i. Let g be x(-8). Let u = -2 + g. What are the prime factors of -4*(5/u + 1)?
2, 3
Let c = -11 - -39. Suppose 2*d + c = 6*d. What are the prime factors of d?
7
Let d = 9 + -4. Suppose -4*x = 2*r + x - 26, -50 = -d*r - 5*x. List the prime factors of r.
2
Let n = -16 + 18. Suppose -20 = -4*p, -95 = -3*i - 5*p + n. List the prime factors of i.
2, 3
Let j = 7 - 4. Suppose 4*l = j*f - f - 26, f = -l - 2. What are the prime factors of l/10*(-28)/2?
7
List the prime factors of (-25)/(-9) - 4/(-18).
3
Let h = 0 - -3. Suppose h*b + 45 = 8*b. What are the prime factors of b?
3
Let r(q) = -q**2 - 8*q - 2. Let s(b) = -b**2 - 7*b - 3. Let l(w) = -6*r(w) + 5*s(w). Let c be l(-12). Let k = c - -31. List the prime factors of k.
2
Suppose -5*a + t = -1801, a + 4*t = 4*a - 1084. What are the prime factors of a?
2, 3, 5
Suppose -3*q + 4*m + 24 = 0, -4*q + 3*m + 22 = m. Suppose -v + 52 = -d, -18 - 150 = -4*v - q*d. List the 